nd 4199?
221
What is the highest common divisor of 17 and 25687?
17
What is the highest common divisor of 298 and 696873?
149
What is the greatest common factor of 22347 and 18?
9
What is the greatest common divisor of 23193 and 79028?
859
Calculate the highest common factor of 4849 and 26.
13
What is the highest common factor of 128 and 45248?
64
Calculate the greatest common divisor of 2860 and 8305.
55
What is the greatest common factor of 2529 and 75?
3
What is the greatest common factor of 195 and 615?
15
What is the highest common factor of 792 and 153?
9
What is the greatest common factor of 136 and 50966?
34
What is the highest common divisor of 9666 and 6264?
54
What is the greatest common factor of 846 and 3315051?
423
What is the highest common factor of 10110 and 50?
10
Calculate the greatest common divisor of 237 and 2607.
237
Calculate the greatest common factor of 3824 and 2592.
16
What is the greatest common factor of 20 and 424540?
20
What is the highest common divisor of 638 and 11462?
22
Calculate the greatest common divisor of 627 and 1120240.
209
What is the highest common factor of 21357 and 7?
7
What is the greatest common factor of 122 and 51728?
122
Calculate the highest common factor of 372 and 156612.
372
Calculate the highest common factor of 568620 and 6.
6
Calculate the greatest common factor of 328549 and 26.
13
Calculate the greatest common factor of 2856 and 1267.
7
What is the greatest common factor of 5733 and 421057?
637
Calculate the highest common divisor of 1506972 and 12.
12
Calculate the greatest common divisor of 1007 and 23693.
19
What is the greatest common factor of 2400 and 457440?
480
Calculate the highest common factor of 10212 and 4761.
69
Calculate the greatest common divisor of 250800 and 1617.
33
What is the greatest common factor of 3061380 and 630?
210
Calculate the greatest common divisor of 667194 and 198.
66
What is the highest common divisor of 59061 and 9?
3
Calculate the highest common divisor of 288 and 32.
32
What is the greatest common factor of 62 and 22599?
31
Calculate the greatest common divisor of 8478 and 207554.
314
Calculate the highest common divisor of 233766 and 78.
78
Calculate the greatest common factor of 58014 and 110.
22
What is the highest common factor of 29568 and 372?
12
What is the highest common factor of 14397851 and 13?
13
What is the greatest common factor of 16 and 35704?
8
What is the highest common divisor of 936 and 2978001?
117
What is the greatest common divisor of 1024 and 2096?
16
Calculate the greatest common factor of 220 and 186274.
22
Calculate the highest common factor of 11300 and 27798.
226
What is the highest common factor of 290 and 210830?
290
Calculate the highest common divisor of 8581 and 2.
1
What is the highest common divisor of 18876 and 572?
572
What is the greatest common factor of 297 and 68079?
33
Calculate the highest common factor of 23142 and 103341.
399
What is the highest common divisor of 1274403 and 1599?
1599
What is the highest common factor of 26 and 122811?
13
What is the greatest common factor of 660 and 1516240?
220
Calculate the greatest common factor of 124655 and 107.
107
What is the greatest common divisor of 11 and 1804165?
11
Calculate the greatest common divisor of 1060 and 23744.
212
Calculate the greatest common factor of 183201 and 237.
237
Calculate the highest common divisor of 26321 and 7.
1
What is the greatest common divisor of 96041 and 11?
11
What is the greatest common divisor of 2048 and 155872?
32
What is the greatest common divisor of 4590132 and 12?
12
Calculate the highest common divisor of 22644 and 14076.
612
What is the highest common factor of 129 and 44204?
43
Calculate the greatest common divisor of 938722 and 46.
46
What is the greatest common factor of 152789 and 78767?
949
Calculate the highest common divisor of 424 and 34291.
53
Calculate the greatest common divisor of 165 and 12207415.
55
Calculate the highest common factor of 12820 and 36220.
20
What is the greatest common divisor of 11964 and 444?
12
What is the greatest common factor of 13664 and 152866?
854
Calculate the greatest common divisor of 40984 and 24.
8
What is the highest common factor of 2436759 and 59?
59
What is the highest common divisor of 16120 and 930?
310
What is the highest common factor of 134 and 40133?
67
What is the greatest common divisor of 2539671 and 309?
309
Calculate the greatest common factor of 38794 and 10710.
238
What is the greatest common factor of 2572 and 16?
4
What is the greatest common factor of 2065 and 12331?
59
Calculate the highest common factor of 2388 and 303.
3
What is the greatest common divisor of 68 and 64838?
34
Calculate the highest common factor of 85911 and 84.
21
Calculate the greatest common divisor of 1050 and 7776825.
525
What is the highest common factor of 3568936 and 28?
28
What is the greatest common divisor of 3078579 and 1302?
651
What is the greatest common factor of 6448860 and 2970?
990
What is the highest common divisor of 10872 and 12024?
72
What is the highest common factor of 47564 and 893?
47
Calculate the highest common divisor of 75 and 129875.
25
Calculate the highest common divisor of 685 and 126040.
685
Calculate the highest common factor of 21603 and 76.
19
What is the highest common factor of 34658 and 7130?
62
What is the highest common factor of 14 and 291102?
14
What is the highest common divisor of 18 and 16788?
6
What is the greatest common divisor of 29447 and 11?
11
Calculate the highest common divisor of 180393 and 1413.
471
What is the greatest common divisor of 46121 and 221?
17
Calculate the greatest common factor of 110 and 2617285.
55
What is the highest common divisor of 20 and 778550?
10
What is the highest common factor of 12418 and 532?
14
What is the greatest common factor of 2643 and 207?
3
What is the highest common divisor of 39694 and 4450?
178
Calculate the highest common divisor of 5 and 514422.
1
Calculate the highest common divisor of 46050 and 12.
6
What is the highest common divisor of 567 and 43974?
63
What is the greatest common factor of 5542 and 1598?
34
What is the highest common factor of 416 and 9776?
208
Calculate the greatest common factor of 124 and 2677346.
62
What is the highest common divisor of 1682985 and 60?
15
Calculate the greatest common divisor of 828 and 5004.
36
What is the highest common factor of 8040 and 1040?
40
Calculate the greatest common divisor of 48 and 549.
3
What is the greatest common divisor of 531193 and 1508?
377
Calculate the highest common divisor of 49493 and 43.
43
What is the greatest common factor of 15 and 211460?
5
Calculate the greatest common divisor of 949883 and 55.
11
What is the greatest common factor of 9044 and 13328?
476
Calculate the highest common factor of 112112 and 273.
91
What is the greatest common factor of 590065 and 805?
805
What is the highest common divisor of 12 and 63633?
3
What is the greatest common factor of 75 and 2341425?
75
What is the highest common divisor of 26732 and 53546?
82
What is the greatest common divisor of 7571 and 1017?
113
Calculate the greatest common factor of 3384 and 546939.
423
Calculate the highest common factor of 4 and 738624.
4
Calculate the highest common factor of 63545 and 1253.
179
Calculate the greatest common divisor of 669867 and 24.
3
Calculate the highest common divisor of 6634 and 13696.
214
Calculate the greatest common divisor of 21840 and 4305.
105
Calculate the highest common factor of 360 and 78528.
24
What is the highest common factor of 67158 and 351?
117
What is the highest common divisor of 210 and 2812215?
105
Calculate the greatest common divisor of 232 and 856.
8
What is the highest common factor of 949 and 7300?
73
Calculate the highest common divisor of 6714840 and 528.
264
Calculate the highest common divisor of 395 and 9480790.
395
What is the highest common factor of 5228 and 12?
4
Calculate the greatest common factor of 407 and 16391.
37
Calculate the highest common divisor of 73116 and 6.
6
What is the highest common factor of 111 and 100677?
111
What is the highest common factor of 2736 and 3168?
144
What is the highest common divisor of 768673 and 211?
211
Calculate the highest common diviso